{"version":"1.0","type":"rich","width":"560px","height":"140px","title":"Spezial: Hinter den KuHlissen - Wie kamen K\u00f6rber und Hammes eigentlich auf die Idee, der Welt einen Podcast zu schenken? Wie viel Vorbereitung steckt in einer Folge und gibt es Tabus? Die Antworten auf all diese generischen Fragen werden in diesem Spezial ein f\u00fcr alle Mal gekl\u00e4rt.","url":"https:\/\/www.medienkuh.de\/spezial-hinter-den-kuhlissen\/","author_name":"MedienKuH - Podcast rund um Film, Funk und Fernsehen. Zwei Verr\u00fcckte, zwei Leidenschaften, eine Idee. K\u00f6rber und Hammes transformieren Woche f\u00fcr Woche vor dem Mikrofon zu wahren Medienw\u00e4chtern der virtuellen Welt und analysieren kritisch, subjektiv und wertend das Neueste aus der (scheinbar) schillernden Medienlandschaft.","author_url":"https:\/\/www.medienkuh.de","thumbnail_url":"https:\/\/www.medienkuh.de\/wp-content\/uploads\/2021\/09\/cover_neu_2021-scaled.jpg","html":"<iframe width=\"560px\" height=\"140px\" src=\"https:\/\/www.medienkuh.de\/spezial-hinter-den-kuhlissen\/?standalonePlayer\"><\/iframe>"}

Spezial: Hinter den KuHlissen - Wie kamen Körber und Hammes eigentlich auf die Idee, der Welt einen Podcast zu schenken? Wie viel Vorbereitung steckt in einer Folge und gibt es Tabus? Die Antworten auf all diese generischen Fragen werden in diesem Spezial ein für alle Mal geklärt.

MedienKuH - Podcast rund um Film, Funk und Fernsehen. Zwei Verrückte, zwei Leidenschaften, eine Idee. Körber und Hammes transformieren Woche für Woche vor dem Mikrofon zu wahren Medienwächtern der virtuellen Welt und analysieren kritisch, subjektiv und wertend das Neueste aus der (scheinbar) schillernden Medienlandschaft.
